2*q**2 - 5*q**2 + 5*q. Let o be (3 - 1 - (-2 + 0)) + -2. Suppose 4*t - o*x = -28, -5*x - 2 = -t + 3*t. What is z(t)?
1
Suppose -3*a + 2*o = -30, -4*o - 29 = -2*a - 1. Let q(n) = 4*n**3 - 4*n**2 - 3*n. Let m(k) = -3*k**3 + 5*k**2 + 5*k - 1. Let f(g) = 3*m(g) + 2*q(g). Give f(a).
5
Let i(v) = 37*v**2 - 11*v - 11. Let j(x) = -18*x**2 + 5*x + 5. Let l(k) = 6*i(k) + 13*j(k). Let z = 3 + -4. Determine l(z).
-12
Let n(i) be the third derivative of i**6/120 + 7*i**5/60 + 5*i**4/24 - i**3 - 2*i**2 + 6. Determine n(-6).
0
Let o(q) be the second derivative of q**4/12 - 4*q**3/3 + 2*q**2 - q. Let l(k) = -k**3 + 3*k**2 + 2*k - 2. Let x be l(3). Let v = x + 2. Calculate o(v).
-8
Suppose -3*q + 44 = -52. Let s = 37 - q. Let f(k) = k - 5. What is f(s)?
0
Let s(l) = -2*l - 1. Let c be (16/8)/(4/(-2*1)). Give s(c).
1
Let i(a) = 7*a - 10 + a**2 - 3*a**2 + 3*a**2. Suppose 2*y + 0*y + 4*o = 8, -12 = -3*y - 3*o. Suppose -3*l - 5*t - 1 = -10*t, -y*t - 16 = 0. Give i(l).
-10
Let x(b) be the third derivative of -b**5/60 - b**4/24 + 7*b**3/2 - 17*b**2. What is x(0)?
21
Let t(c) = -9*c**2 + 9*c + 10. Let x(o) = 5*o**2 - 5*o - 5. Let g(f) = 4*t(f) + 7*x(f). Give g(4).
-7
Let p(k) = k**3 + 6*k**2 + 5*k + 7. Let r(g) = -g**3 - 14*g**2 + 6*g + 78. Let u be r(-14). Determine p(u).
-23
Let u(v) = -2*v + 3. Suppose 741*r + 27 = 750*r. Give u(r).
-3
Suppose 25 = 5*h, -a + 5*h + 198 - 219 = 0. Let b(g) = -7*g + 3. Let r(t) = -t. Let k(o) = b(o) - 4*r(o). Give k(a).
-9
Let i(z) = -z**3 + z**2 + 7*z - 1. Let v be i(-3). Let f(j) = 10*j + 14*j**3 + v*j - 2*j**2 - 23*j. Determine f(1).
13
Let b(u) = u**2 - 5*u + 8. Let w be (-2)/8 + 85/68 + 3. Let g be b(w). Let t(p) be the third derivative of -p**5/60 + p**4/12 + 5*p**3/6 - p**2. What is t(g)?
-3
Let o = -100 + 118. Suppose -6*w + o = -9*w. Let m(a) = a - 8. Let j(p) = 2*p - 8. Let f(z) = 2*j(z) - 3*m(z). Calculate f(w).
2
Let q(p) = -p + 1. Suppose 5*r = 5*o + 7 - 2, -2*r = -3*o. Suppose -u + 10 + 15 = 5*x, 3*x - 8 = -o*u. Determine q(x).
-5
Let k(t) = 7*t**2 - t + 17. Let q(i) = -9*i**2 - i - 19. Let o(z) = 4*k(z) + 3*q(z). Calculate o(6).
5
Let l(x) = -x + 17. Let j be l(13). Let q(c) = -3*c - j*c + 4 - 3*c + 4*c + c**2. Calculate q(3).
-5
Let u = 66 + -56. Suppose 3*m - 25 = -u. Let d(v) = -4*v + v**2 + 0*v**2 - 2 - 1. What is d(m)?
2
Let y(c) = -2*c - 8. Suppose 10*s = 6*s - 12, -5*j = 2*s + 36. Give y(j).
4
Let f(b) be the first derivative of -b**3/3 + 5*b**2/2 + 3*b + 1. Suppose -2*v = n - 6*v - 53, n = -v + 33. Let t = n - 32. Calculate f(t).
3
Suppose 4*l + 5 = 33. Let b(s) = 6*s**2 - 3. Let t(v) = 5*v**2 - v - 4. Let g(x) = 4*b(x) - 5*t(x). Determine g(l).
-6
Let z(p) = -3*p - 30. Let x be z(-11). Let y(s) = -6*s**2 - 6 + 4 - s - s**3 + x. Determine y(-6).
7
Suppose -7*c + 3*g = -2*c - 40, c + 15 = -4*g. Let y(o) = o + 6. Let p be y(-3). Let b(j) = -5 - 3 + j**2 - 4*j + p. Give b(c).
0
Let g(l) = -41*l**2 + 6 - 2 + 40*l**2 + 1 + 5*l. Determine g(5).
5
Let a(f) = f + 1. Let m be a(-1). Let n(p) = -2*p + 1. Let g(v) = 13*v - 7. Let h(r) = -g(r) - 6*n(r). What is h(m)?
1
Let z be 0/(-8) + (1 - 2). Let r be (-3 + 1)*(-2 + z). Let f(t) = 8 + 5*t - 2 + 0 + t**3 + r*t**2 - 12. What is f(-5)?
-6
Let k(l) = l**3 - 3*l + 0*l**3 - 5*l**2 + l. Suppose 463*u - 45 = 454*u. Determine k(u).
-10
Let s be ((-3)/(-2) + -3)/(15/(-10)). Let w(t) = 4 + 1 - 2*t - s. Calculate w(5).
-6
Let t(f) = 4*f**3 + 25*f**2 - 26*f - 30. Let x be t(-7). Let q(i) = -i**2 + 2*i + 11. What is q(x)?
-4
Let w(n) = 10*n**2 - 1. Suppose r = -1 + 19. Let k be (-6)/r - (-4)/(-6). Calculate w(k).
9
Suppose 28*t - 24*t = 16. Let v(s) be the second derivative of -s**3/6 + 4*s**2 + 6*s. What is v(t)?
4
Let i(u) = -2*u**2 + 1 - 3*u**2 + 4*u - 1 - 3 + 3*u**2. Calculate i(2).
-3
Let r(u) = -3*u - 4. Let c be r(-7). Suppose 18 = -v - p, 2*v + 15*p - 16*p + 33 = 0. Let y = c + v. Let d(i) = i**2 - 4. Give d(y).
-4
Suppose 69 + 3 = r. Let t = r - 76. Let u(w) = -w**2 - 6*w - 3. Give u(t).
5
Suppose -42 = 4*z + 98. Let p = 40 + z. Let k(w) = -w**2 + 3*w. Give k(p).
-10
Let c(n) be the second derivative of n**5/20 + n**4/2 + 2*n**3/3 - 2*n**2 - n. Let a(f) = 89*f - 182. Let v be a(2). Calculate c(v).
12
Let i(x) = x**3 + 5*x**2 + 4*x + 8. Let f be i(-4). Let g(y) = -f + 16 - 3*y**2 - 6 - 5 + 2*y. Let z = 3 + -1. What is g(z)?
-11
Let r(o) = 28*o**3 + 10*o - 10*o**2 + 41*o**3 - 70*o**3 - 8. Give r(-11).
3
Let o(b) = -b - 26. Let y be ((-12)/14)/((-10)/5880*-21). Calculate o(y).
-2
Let l(y) = -y**3 - 6*y**2 - 8*y - 9. Suppose -7 - 43 = 10*w. Calculate l(w).
6
Let x be 2 + 6 - 3 - 1. Suppose 35 = x*k - v, 4*k - 4*v = -6 + 26. Suppose 0 = 9*m - k*m. Let u(q) = q**3 + q**2 + q + 10. What is u(m)?
10
Let v be 71 + -77 + 0 + 9 + 0. Let f(k) be the third derivative of 0 - 7/6*k**v - 1/8*k**4 + 3*k**2 + 0*k. Determine f(-5).
8
Let i(x) = -14*x**2 + 2*x - 1 - x**3 - 2 + 17*x**2. Let g(c) = 4*c**3 - 13*c**2 - 9*c + 13. Let j(t) = -2*g(t) - 9*i(t). Suppose 2*b + 3*b = 5. Give j(b).
1
Let s = 13 - 1. Let i = -434 - -420. Let z = s + i. Let p(x) = 4*x + 1. Calculate p(z).
-7
Suppose 5*s + 3*m - 13 = 0, 0 = -3*s - 0*s - 3*m + 9. Let a(o) = -2*o - 2*o + 1 + o + o**s. Calculate a(4).
5
Let j(n) = n**3 - 2*n**2 - 2*n + 1. Let s(h) = -8*h + 3. Let v be s(1). Let b(o) = 3*o**3 - 3*o**2 - 3*o + 2. Let f(x) = v*j(x) + 2*b(x). Calculate f(-3).
-4
Let u(p) = p**2 - 6*p + 2. Let o be u(4). Let r(j) = -1015*j + 1022*j - 2*j**2 - 2*j**2 + 0*j**2 + 1 + 5*j**2. Determine r(o).
-5
Let w = -17 - -4. Let h = 19 + w. Let l(c) = -c**3 - 8*c + 2*c**2 + h*c**2 - 2 - c**2. Determine l(6).
-14
Let q(s) = -s**2 + 13*s - 3. Let z(v) = -v**2 + 14*v - 1. Suppose -2*m - 6 = -2. Let k(u) = m*z(u) + 3*q(u). Give k(11).
-7
Let i be -2 + (-4 - -11) + -2. Suppose -i*r - 13 = 5. Let w(d) = -d - 7. What is w(r)?
-1
Let v(u) be the second derivative of -24*u - 1/6*u**3 - 1/5*u**5 + 0*u**2 - 1/6*u**4 + 0. What is v(-1)?
3
Let m(d) = 52*d + 16. Let i(v) = -8*v - 3. Let s(k) = -20*i(k) - 3*m(k). Give s(-3).
0
Let u(y) = -9*y**3 - 5*y**2 - 6*y. Let k(x) = -16*x**3 - 10*x**2 - 11*x. Let i(l) = -4*k(l) + 7*u(l). What is i(-4)?
8
Let c(z) = -10 + 13 + 4*z - 6. Let q(x) = x - 1. Let v(m) = 6*c(m) - 22*q(m). Determine v(-7).
-10
Suppose 2*p - 2 - 4 = 0. Suppose p = -5*y - 5*r - 2, -12 = 3*r. Let w(o) = o**3 - 3*o**2 + 2*o + 2. Calculate w(y).
8
Let q(w) = -w**3 + w**2 - 1. Suppose 0 = -s - 2*s + c - 13, 0 = -4*s - 4*c - 12. Let f = s - -4. Let l be f/2*(-3)/6. Determine q(l).
-1
Let s(x) = x - 1. Let h(d) = 4*d - 12. Let b(m) = h(m) - 5*s(m). Let c(o) be the second derivative of -o**2/2 + 43*o. Let u(i) = -b(i) + 2*c(i). Give u(0).
5
Let v(m) be the third derivative of m**5/60 - m**4/4 - 4*m**3/3 + 123*m**2. Determine v(7).
-1
Let z be 2/(-7) - 360/63. Let a(n) = -n**3 - 8*n**2 - 11*n - 13. Give a(z).
-19
Let j(k) = k**3 + 3*k**2 - 2*k**2 - 12 + 1. Let s(a) = 41*a - 533. Let n be s(13). What is j(n)?
-11
Let p(y) = -17 - 283*y + 141*y + 143*y. Calculate p(15).
-2
Let d(f) = -f**3 - f**2 + 14*f - 4. Let l(t) = -t**3 + 12*t - 6. Let c(z) = 2*d(z) - 3*l(z). What is c(4)?
10
Let s(v) = -v + 2. Let u be s(4). Let x(l) be the first derivative of -l**3/3 - 5*l**2/2 - 3*l - 7. Determine x(u).
3
Let b = -1579 - -1585. Let w(r) = -5*r + 4. What is w(b)?
-26
Let r(c) be the first derivative of -c**2/2 - 3*c + 79. Calculate r(-2).
-1
Let v(r) = 2*r + 15. Let g be -2 - (8 + -4 + 20/5). Calculate v(g).
-5
Let o(g) = g**3 - 6*g**2 + 7*g - 6. Let k be o(5). Let d(l) = 6 - 5*l**2 + k*l - l**3 + l + 2*l**2. Let p = 152 - 156. Determine d(p).
2
Suppose -191 = -4*a + 3*p, -7*a = -8*a + 3*p + 50. Let d(g) = -4*g + g**2 + 4*g + g + a - 48. Give d(-2).
1
Let t(w) = -1. Let i(g) = -g**2 - 14*g - 9. Let m be i(-12). Let h(n) = -11*n - 6 + m*n - 5*n. Let a(s) = h(s) - 6*t(s). Calculate a(-2).
2
Let i(k) = k**2 + 2*k + 1. Suppose 99 = -a + 97. Give i(a).
1
Let p = -82 + 88. Let b(u) = -4*u**2 + 14*u**2 + 9 - p*u - 6*u**2 - 5*u**2. Calculate b(-8).
-7
Let z(m) = 4*m**3 + 90*m**2 - 44*m + 44. Let t be z(-23). Let p(q) = -2*q + q - 4 + 1. Give p(t).
-1
Suppose 115 - 19 = 12*h. Let x(l) = 6 - h*l + 0 + 11*l. Let g be (-4)/(-1 + 3 + -1). Give x(g).
-6
Let d(n) = -7*n + 15*n**2 - 9*n**2 - 5*n**2 + 7. Let u be d(5). Let z(y) be the second derivative of y**4/6 + y**